 = f - 12. Let l be (-4)/f + (-319)/(-87). Let o(q) = q - l*q - q**2 + q - 3. What is o(-3)?
-9
Let o(a) = a**3 + 6*a**2 - 6*a + 22. Let q be o(-6). Suppose -58 = 4*z - q. Let k(d) = d - 13. Give k(z).
-13
Suppose 13*w - 35 = -9. Let u(i) = i**2 + 337*i - 2 + 8 - 342*i - w*i**2 + 0*i**2. Determine u(-7).
-8
Let u(j) = j**3 - j**2 + j + 3. Let v be 0/2 - (0 - (16 + 0)). Suppose -v*f = -7*f. Give u(f).
3
Let m(c) be the second derivative of -c**5/60 + c**4/12 - c**3/3 - 45*c**2/2 - 7*c + 1. Let a(y) be the first derivative of m(y). What is a(2)?
-2
Let q = -3579 - -3583. Let v(c) = -c**3 + 4*c**2 + 10*c - 45. Give v(q).
-5
Let z(q) = 7*q**3 + q**2 + q - 1. Let g(o) = 3*o - 117. Let i be g(-25). Let m = 193 + i. Give z(m).
8
Let o(p) be the third derivative of 35*p**2 + 0 + 0*p - 7/6*p**3 + 1/24*p**4. Calculate o(8).
1
Let b = -185 - -121. Let o = b + 61. Let w(y) = -4*y**2 - 9*y - 14. Let k(p) = -11*p**2 - 27*p - 41. Let l(v) = o*k(v) + 8*w(v). What is l(-9)?
11
Let j(s) = -5*s - 6. Suppose -2*l = 4*v - 752, 2*v + 2*l + 2*l - 370 = 0. Let w = -191 + v. Determine j(w).
4
Let t(x) be the first derivative of -x**5/60 + x**4/8 + 2*x**3/3 - 73*x**2/2 + 20. Let r(z) be the second derivative of t(z). Determine r(3).
4
Suppose 0 = -120*a + 245 - 5. Let x(b) be the first derivative of b - 20 - 1/2*b**a. Calculate x(1).
0
Suppose 0 = 387*u + 31 + 356. Let f(q) = 2*q**3 + 3*q**2 + q - 2. What is f(u)?
-2
Let u(l) be the first derivative of -2*l**2 - l + 31. Let o(i) = 5*i + 2. Let s(w) = 3*o(w) + 4*u(w). Determine s(8).
-6
Let m(f) be the third derivative of -f**4/24 - 13*f**3/3 + 4*f**2 + 91. What is m(-33)?
7
Let u = -22 - -37. Let n be (6/u)/(4/20). Let i(o) = 5 + 2 - 6*o + 0 + 2*o**n + o**3 - 9. Determine i(-4).
-10
Let u be ((-2)/6)/(61/(-30) + 2). Let q be u/(-4 - (-18)/3). Suppose -5*s + 2 = -3*m + 21, 3*s + 37 = q*m. Let h(b) = b - 7. What is h(m)?
1
Suppose -s + 39 = 7*p, -41*p = -s - 39*p - 15. Let l(t) be the second derivative of t**3/6 - t**2/2 - 2*t. Determine l(s).
-4
Let d(w) = 3*w**2 - w. Suppose 4*h - i - 22 = -3*i, -4*h = -3*i - 7. Suppose 17*p - 13*p = -h. Determine d(p).
4
Let f(m) = 30*m + 1. Let j(l) = 3*l. Let k(i) = -f(i) + 6*j(i). Let w(x) = -1. Let r(q) = -k(q) + 2*w(q). What is r(1)?
11
Suppose 0 = 5*h + 40, h = 3*b - 2*b + 237 - 251. Let g be (-2)/(-5) - 33/(-5). Let n(y) = 2 + 2*y**2 - y**3 - g*y + 5*y**2 + 2. Calculate n(b).
-2
Let b(d) = -d**3 - 24*d**2 + 32*d + 168. Let c(w) = -19*w**2 - 43*w - 35. Let q be c(-2). Give b(q).
-7
Let j(f) be the second derivative of -1/12*f**4 + 3*f**2 + 39*f - 5/6*f**3 + 0. What is j(-5)?
6
Suppose -2*h - 9 - 117 = 0. Let n = 214 + -143. Let c = h + n. Let t(z) = -z**3 + 9*z**2 - 9*z + 4. What is t(c)?
-4
Let h(a) = 3*a + 4*a**3 - 7*a**2 - a**3 - 9 - 2*a**3. Let w be (5 + -4 + -1)/(10/(-5)). Let m be (11 - w) + 8 + -11 + -1. Determine h(m).
12
Let l = 17 - 11. Suppose r = 2*u + 11, 0 = u + 2*r + l + 12. Let s(n) be the first derivative of -n**3/3 - 4*n**2 + 10*n + 44. What is s(u)?
10
Let l(k) = k**3 + k**2 - 4*k + 10. Let n = -62 - -59. Let h be l(n). Let a(q) be the first derivative of -q**4/4 + 5*q**3/3 - 2*q**2 - 4*q - 1. Give a(h).
-4
Let m = -24 + 17. Let j(g) = 11*g**2 - 13*g - 41. Let b(a) = 9*a**2 - 12*a - 34. Let y(w) = -6*b(w) + 5*j(w). Calculate y(m).
-1
Let m(i) = 14*i + 75. Suppose -330 = 75*b - 8*b - b. What is m(b)?
5
Let v(p) = 4*p - 2*p - p - p + 5 - 3*p + 2*p. Let k(w) = -2*w + 3. Let l be k(-5). Give v(l).
-8
Let v(s) = s**2 + s - 1. Let p be -143 - (-4 + -2) - -1. Let o = 133 + p. What is v(o)?
5
Let q(k) = 63*k + 30. Let j(h) = 88*h + 44. Let l(s) = -5*j(s) + 7*q(s). Let a be (-3)/((-18)/(-21))*(-32)/14. Determine l(a).
-2
Let n(j) be the third derivative of j - 2/15*j**5 - 1/120*j**6 - 2*j**2 + 5/6*j**3 - 5/24*j**4 + 0. What is n(-7)?
-9
Let l(j) be the third derivative of -j**5/60 - 3*j**4/4 - 11*j**3/6 - 263*j**2. What is l(-18)?
-11
Let i = -7 + 0. Let u(t) be the second derivative of -t**5/120 - 7*t**4/24 - 8*t**3/3 + 25*t. Let b(w) be the second derivative of u(w). Give b(i).
0
Let u(g) = 30*g + 1. Let z(t) = 6*t**2 + 83*t + 281. Let k be z(-8). What is u(k)?
31
Let x(w) = -w**2 + 2. Let g(j) = 3*j**2 - 2*j + 3. Let y(h) = g(h) - 2*x(h). Let r(t) = -6*t**2 + 2*t + 2. Let u(z) = 3*r(z) + 4*y(z). Calculate u(3).
14
Let r(l) = -2*l + 4. Suppose -n + v + 4 = -4, 3*n + 3*v - 12 = 0. Suppose -h = 2*h - 36. Let c be (2/n)/(1/h). Determine r(c).
-4
Let u(h) be the second derivative of h**4/12 + h**3 - 6*h**2 - 1736*h. Determine u(-7).
-5
Let h = 73 + -45. Let t = h - 26. Suppose -u = 3*m + 6, 0 = -u + m + t. Let l(w) = w**2 + w + 3. What is l(u)?
3
Let p = 43 - 39. Let a(j) = -20*j + 3 + 5*j - 5 + 24*j. Determine a(p).
34
Let l(p) be the first derivative of -p**3/3 - 9*p**2/2 + 5*p + 1649. Give l(-9).
5
Let m = 4109 + -4103. Let g(x) be the third derivative of 1/120*x**m - 21*x**2 + 1/15*x**5 + 0 - 1/6*x**4 + 0*x - 5/6*x**3. Give g(-5).
-10
Let q(t) be the first derivative of -t**4/4 - 2*t**3 + 4*t - 50. Let a = 11 + -7. Suppose 3*m - a*m - 6 = 0. What is q(m)?
4
Let s(w) = w**3 + 7*w**2 + 306*w + 1794. Let v be s(-6). Let z(b) = b**2 - 10*b - 92. Give z(v).
4
Let v(u) = -5*u**2 + u + 1. Let q(p) = -24*p**2 + p - 4. Let j(i) = -q(i) + 5*v(i). What is j(5)?
4
Let f(i) = 5*i**3 + 7*i**2 - 5*i - 6. Let w(h) = 9*h**3 + 13*h**2 - 9*h - 11. Let g = -38 + 27. Let z(p) = g*f(p) + 6*w(p). Let x = -3 + 3. Calculate z(x).
0
Let u(j) be the first derivative of j**4/4 + 4*j**3 + 11*j**2/2 + 12*j - 2136. Determine u(-11).
12
Let f(p) be the first derivative of -3*p**2/2 - 19*p - 1072. What is f(14)?
-61
Suppose 23 = p + 19. Let b(u) = -3*u + 14. Let w be b(p). Let h(a) = 0*a**3 + 2*a + 5*a + a**3 + a**2 - w - 6*a. Give h(0).
-2
Let u(b) = -20*b - 10. Let f(t) = -t**2 + t - 10. Let c(z) = -f(z) - u(z). Determine c(-18).
2
Let d be (-9)/((-2 + 4)/(4/2)). Let h(w) = 2*w**3 + 5*w**2 - 9*w - 3. Let i(y) = y**3 + 3*y**2 - 4*y - 1. Let c(t) = 6*h(t) - 13*i(t). Calculate c(d).
13
Let i be ((-336)/(-42))/(-4 + 6). Let b(z) = -2*z**3 + 4*z**2 + 6*z - 4. Calculate b(i).
-44
Let u(r) = r**3 - 4*r**2 - 12*r + 23. Let q(p) = 32*p + 581. Let x be q(-18). What is u(x)?
-12
Let r(v) = v**2 - 2*v - 12. Suppose 162 = 8*x + 98. Let d be 1/(58/x + -4 + -3). Give r(d).
-4
Let t(x) be the first derivative of x**3/3 - 9*x**2/2 - 22*x + 1854. Determine t(15).
68
Let o(u) = -u**2 + u - 1. Let k be o(0). Let g(s) be the first derivative of -138 - 3/2*s**2 - s. Determine g(k).
2
Let h(t) = 2*t - 16. Suppose -2*s + 18 = -l, 16*l - 44 = -4*s + 14*l. What is h(s)?
4
Let x(p) = 1. Let d(t) = -5*t + 2. Let l(v) = d(v) - 3*x(v). Suppose -a = -2*q + 5, -774*q + 776*q = 3*a + 7. Give l(a).
4
Suppose -6*g = 2*g - 6*g. Suppose 4*b + g*i = 3*i - 12, -4*b - 12 = i. Let a(n) be the first derivative of -n**3/3 - 2*n**2 - n + 18. Calculate a(b).
2
Let k(v) = v + 4 - 3 + v - 2 + v**2. Let m be ((-1)/(-2))/((-7)/14). Let d be (1 - -1)*m + -1. Calculate k(d).
2
Let i be 0 - (-14)/(-2)*(-120)/420. Let v(c) be the first derivative of 5*c**2 - c + 16. Calculate v(i).
19
Let p(x) = -x + 10. Suppose -4*c + r = -74, 0*r - 2 = -r. Let j = c + -19. What is p(j)?
10
Let z(u) = 2*u**2 - 88*u + 908. Let h be z(17). Let t(n) = -n + 14. Calculate t(h).
24
Suppose -11*k + 6 = -38. Let w be ((-8)/6)/((-50)/(-15) - k). Let v(o) = -o**3 + o**2 + 2*o - 2. What is v(w)?
-2
Let l(c) = -209*c + 5. Let h(z) = -148*z + 3. Let q(y) = 7*h(y) - 5*l(y). What is q(2)?
14
Let f(n) = -n - 5. Let r be (71 - 1)/5 - (3 - -1). Let o be -4 - (-13 - -6) - r. What is f(o)?
2
Let p = 3396 + -3406. Let v(w) = -w**2 - 7*w - 21. What is v(p)?
-51
Let z(f) be the first derivative of -80 - 5*f - 11/3*f**3 + 1/4*f**4 + 9/2*f**2. Determine z(10).
-15
Let v(s) = 4*s + 23. Let x(p) = -p**3 + 27*p**2 - 72*p + 5. Let u be x(24). Suppose -u*f - 30 = q, f - 2*q = q - 22. Give v(f).
-5
Let f(j) = 5*j**2 + 2*j - 6. Let a(m) be the third derivative of 9*m**5/20 + 11*m**4/24 - 5*m**3 - m**2 - 44*m. Let o(k) = 2*a(k) - 11*f(k). What is o(0)?
6
Let m(k) = -2*k**3 - 4*k**2 - 24*k - 37. Let i be m(-2). Let f(t) = -2*t**3 + 20*t**2 + 22*t + 2. What is f(i)?
2
Suppose -16*q + 269 = -115. Suppose 9*l - 5*l = -q. Let s(z) = 4*z - 8. Give s(l).
-32
Let w be 5 + (5 + -2 + 2 - 6). Suppose 3*